t common divisor of 374 and 170894251.
187
What is the highest common factor of 16 and 293524?
4
What is the greatest common factor of 240578 and 589342?
494
What is the highest common factor of 13020 and 140532?
84
Calculate the greatest common factor of 3654295 and 10.
5
Calculate the highest common divisor of 300958 and 592.
74
What is the greatest common factor of 254418 and 1452?
6
What is the highest common factor of 7303 and 175674?
67
What is the greatest common divisor of 4 and 3460396?
4
What is the greatest common divisor of 12 and 12717144?
12
What is the highest common factor of 102383 and 2490732?
43
What is the highest common factor of 3883 and 17062961?
353
Calculate the greatest common divisor of 816510 and 623730.
510
What is the highest common factor of 34242170 and 95220?
5290
What is the highest common factor of 255 and 31944255?
15
What is the highest common divisor of 1239540 and 3840?
60
Calculate the highest common factor of 1684848 and 21813.
33
Calculate the highest common factor of 56 and 296277688.
56
Calculate the greatest common divisor of 594 and 3287196.
594
Calculate the greatest common factor of 1533663 and 1457.
31
What is the greatest common factor of 56136416 and 1022?
1022
What is the highest common divisor of 8153831 and 208201?
4249
Calculate the highest common factor of 15390 and 130910.
190
What is the highest common divisor of 64 and 2611280?
16
Calculate the greatest common factor of 3522 and 62509630.
1174
What is the highest common divisor of 55506 and 814?
22
Calculate the greatest common factor of 12288 and 285.
3
Calculate the highest common factor of 19 and 438083.
19
Calculate the greatest common factor of 851344144 and 56.
56
What is the highest common divisor of 2094 and 1578072?
6
What is the highest common divisor of 156377133 and 363?
363
Calculate the greatest common factor of 894850 and 1650.
550
What is the greatest common divisor of 251950 and 400?
50
Calculate the highest common divisor of 4085846 and 2.
2
What is the greatest common divisor of 84 and 75091380?
84
What is the greatest common divisor of 12203210 and 19415?
1765
What is the greatest common divisor of 176375749 and 22?
11
What is the greatest common factor of 1679969 and 4744?
593
Calculate the greatest common factor of 6136 and 268776742.
1534
Calculate the greatest common factor of 5963171 and 62451.
257
Calculate the highest common factor of 2490 and 44021955.
1245
Calculate the highest common factor of 46496 and 21536.
32
What is the greatest common factor of 32 and 1597970?
2
Calculate the greatest common divisor of 15647914 and 6224.
778
What is the greatest common divisor of 60 and 281144895?
15
Calculate the highest common factor of 21622984 and 50576.
872
Calculate the highest common factor of 32 and 2721464.
8
Calculate the highest common divisor of 13536 and 3041952.
96
What is the highest common factor of 128 and 34345144?
8
What is the highest common divisor of 8298 and 1085194?
922
Calculate the highest common divisor of 42 and 21291165.
21
Calculate the highest common divisor of 69 and 20253432.
69
What is the highest common divisor of 165032 and 5377854?
842
Calculate the greatest common divisor of 44 and 24882836.
44
What is the highest common divisor of 100 and 23750575?
25
What is the highest common divisor of 77 and 2203642?
7
Calculate the highest common factor of 1990420 and 11132.
92
What is the highest common factor of 3357 and 687812?
373
What is the highest common divisor of 212 and 2971216?
4
Calculate the greatest common factor of 15374107 and 112.
7
What is the highest common factor of 17164 and 142940?
28
What is the highest common factor of 87307 and 47971?
11
Calculate the highest common divisor of 503 and 107033873.
503
What is the highest common factor of 379295 and 175?
35
What is the greatest common divisor of 65888 and 74936?
232
Calculate the highest common divisor of 12556288 and 3584.
512
Calculate the greatest common factor of 56268837 and 459.
27
What is the highest common factor of 85 and 33335198?
17
Calculate the greatest common divisor of 19377 and 77559672.
6459
Calculate the highest common divisor of 1811462 and 1107.
41
What is the greatest common divisor of 23211132 and 24?
12
Calculate the highest common factor of 690 and 34266642.
138
Calculate the greatest common divisor of 39301514 and 318.
106
What is the highest common divisor of 38665 and 567435?
1045
What is the highest common divisor of 2121638211 and 231?
231
Calculate the highest common factor of 2589705 and 405.
135
Calculate the greatest common divisor of 10 and 28544470.
10
Calculate the greatest common factor of 3073846 and 54.
2
What is the greatest common factor of 2907 and 250325?
323
What is the greatest common factor of 14292149 and 123?
41
What is the highest common factor of 2572755 and 690?
15
Calculate the highest common factor of 2987412 and 9888.
1236
What is the greatest common factor of 3379 and 3197188?
109
What is the greatest common factor of 418296 and 233943?
87
Calculate the highest common factor of 27837058 and 112999.
4913
Calculate the highest common divisor of 12752263 and 1132.
283
Calculate the highest common factor of 5886100 and 12850.
50
What is the greatest common divisor of 361392472 and 4?
4
Calculate the greatest common divisor of 1536894 and 254896.
358
What is the greatest common divisor of 3749 and 223129233?
3749
Calculate the highest common factor of 3829498 and 202486.
1478
What is the greatest common factor of 480766 and 2464?
22
Calculate the highest common factor of 540956 and 70555.
103
What is the highest common factor of 133560 and 1296910?
530
Calculate the highest common divisor of 257346393 and 40337.
3667
Calculate the highest common divisor of 102476 and 169796.
748
Calculate the highest common divisor of 5889 and 13533.
39
Calculate the greatest common divisor of 35701569 and 207.
9
Calculate the highest common factor of 1258 and 41412731.
629
What is the greatest common divisor of 36541336 and 143?
13
Calculate the highest common factor of 256696600 and 255.
85
What is the highest common divisor of 3766890 and 105?
15
Calculate the greatest common divisor of 612 and 491334.
102
Calculate the greatest common divisor of 4583 and 56113.
1
Calculate the highest common divisor of 155324653 and 1727.
1727
Calculate the greatest common factor of 15371 and 39332771.
809
What is the greatest common factor of 13318862 and 122?
122
What is the highest common divisor of 41 and 17658331?
41
What is the greatest common factor of 476286 and 1475610?
2922
Calculate the greatest common factor of 1456 and 58158352.
112
What is the greatest common factor of 68796 and 79677?
351
What is the greatest common divisor of 486090381 and 7?
7
What is the highest common divisor of 585923094 and 18?
18
Calculate the greatest common divisor of 168116571 and 633.
633
Calculate the highest common factor of 52196508 and 1208196.
12204
What is the greatest common divisor of 264 and 107512020?
132
Calculate the greatest common divisor of 91 and 165291.
7
What is the highest common factor of 5698 and 845746?
814
What is the highest common factor of 14989 and 2752282?
13
Calculate the greatest common factor of 420 and 31271730.
210
What is the greatest common divisor of 1230 and 301811865?
615
Calculate the highest common divisor of 25104 and 35285241.
1569
What is the greatest common factor of 1950 and 43520997?
39
Calculate the highest common divisor of 12122 and 5244418.
1102
Calculate the greatest common factor of 25440 and 63880.
40
What is the greatest common factor of 102 and 20131179?
51
What is the greatest common factor of 286970400 and 7200?
7200
What is the highest common divisor of 17619 and 5281206?
21
What is the highest common factor of 12104 and 616216?
136
Calculate the highest common divisor of 3624 and 26575245.
453
Calculate the highest common factor of 260505153 and 3726.
1863
What is the highest common factor of 166378888 and 1492?
1492
Calculate the highest common divisor of 105 and 16596440.
35
What is the greatest common factor of 490 and 2923235?
35
Calculate the greatest common divisor of 19605 and 30435.
15
Calculate the highest common factor of 421139 and 1